{"id":494,"date":"2021-09-01T10:14:46","date_gmt":"2021-09-01T10:14:46","guid":{"rendered":"https:\/\/seebad-lubmin.com\/?page_id=494"},"modified":"2021-09-09T10:53:11","modified_gmt":"2021-09-09T10:53:11","slug":"adressen","status":"publish","type":"page","link":"https:\/\/seebad-lubmin.com\/?page_id=494","title":{"rendered":"Adressen Infrastruktur"},"content":{"rendered":"<p><strong>Apotheke<\/strong><br>BODDEN-Apotheke Lubmin, Waldstra\u00dfe 6a<br>Tel 038354 22053<\/p>\n<p><strong>Angelerlaubnis<\/strong><br>Eine Angelerlaubnis erhalten Sie nach Vorlage eines gultigen Fischereischeines in der Kurverwaltung im Seebadzentrum, Freester StraBe 8.<br>Falls nicht vorhanden, k\u00f6nnen Sie in der Kurverwaltung auch einen zeitlich befristeten Fischereischein erwerben.<br>Anmeldung Wir bitten Sie, sich bei Ihrer Anreise in der Kurverwaltung oder bei Ihrem Gastgeber mittels ausliegender Meldescheine anzumelden.<br>Informationen zur Entrichtung der Kurabgabe (Strandtaler) entnehmen Sie bitte den gesonderten Ausf\u00fchrungen auf Seite 7.<\/p>\n<p><strong>Arzt<br>Facharzt f\u00fcr Allgemeinmedizin<\/strong><\/p>\n<p>Frau FA C. Scholz, Freester Str. 11<br>Tel. 038354 22850<\/p>\n<p>Herr Dr. med. H. Biermann, Kattenstieg I<br>Tel. 038354 22851<\/p>\n<p>Frau FA Dr. med S. Kropf, Waldstr. 6 a<br>Tel. 038354 339945<\/p>\n<p><strong>Kinderarzt<\/strong><\/p>\n<p>Frau Dipl. med. Monika Sauermann, Welinitzstra\u00dfe 3<br>Tel. 038354 22261<\/p>\n<p><strong>Zahnarzt<\/strong><\/p>\n<p>Dr. Michael Becker, Waldstra\u00dfe 6a<br>Tel. 038354 22050<\/p>\n<p>Dipl. med. H. Hawlitschek, Waldstra\u00dfe 6a<br>Tel. 038354 22114<\/p>\n<p><strong>Badewasserqualitat<br><\/strong> Die Badewasserqualitat wird 14-t\u00e4gig, von Mai bis September, nach EU Richtlinien durch das Landesgesundheitsamt M-V bewertet und \u00fcberwiegend als sehr gut eingestuft. J\u00e4hrlich erscheint eine Karte zur Badewasserqualitat M-V. Aktuelle Auskunfte erhalten Sie unter www.sozial-mv.de.<\/p>\n<p><strong>Banken<\/strong><br>Sparkasse Vorpommern, VillenstraBe 15<br>Tel. 038354 22043<\/p>\n<p>Raiffeisen\u00b7 und Volksbank, Wusterhusener StraBe 17<br>Tel. 038354 22076<\/p>\n<p>Postbank, Spandowerhagener Weg 1 im Edeka Markt Lubmin<\/p>\n<p><strong>Bibliothek<\/strong><br>Seebadzentrum, Freester Stra\u00dfe 8<br>Tel. 038354 22011<\/p>\n<p><strong>Busverbindungen<\/strong> nach Greifswald und Wolgast mit Anschluss an die Usedomer B\u00e4derbahn (UBB)<br>Camping Campingplatz Loissin<br>Caravan\u00b7 und Mobil-Camp, Strandweg I Waldcamp Freest,<br>Tel. 038352 243<br>Camping &amp; Caravanstellplatz 17440 Freest, DorfstraBe 74<br>Tel. 038370 20538<\/p>\n<p><strong>Einkaufsm\u00f6glichkeiten<br><\/strong> Edeka-Markt, Spandowerhagener Weg 1<\/p>\n<p><strong>Netto-Markt<\/strong>, Wusterhusener StraBe 17&nbsp;In Wusterhusener StraBe 17<\/p>\n<p><strong>Getr\u00e4nkeland<\/strong>, Wusterhusener Stra\u00dfe 17<\/p>\n<p><strong>Postagentur und Zeitschriften<\/strong> im Edeka-Markt, Spandowerhagener Weg 1<br><strong>Stadtb\u00e4ckerei K\u00fchl GmbH &amp; Co. KG<\/strong>, Wusterhusener Stra\u00dfe 17<br><strong>Rita`s Blumenwelt<\/strong>, Villenstra\u00dfe 1<br><strong>Reiseb\u00fcro Dorina Hiller<\/strong>, Villenstra\u00dfe 1<br><strong>Fahrradverleih H.-U. Roggow<\/strong>, Eigenheimsiedlung 21<br>Tel. 0175 6160187<br><strong>SCHAWI Sport &amp; Jugendhotel<\/strong>, Philosophenweg 10<br>Tel. 038354 31424<br><strong>FKK<\/strong><\/p>\n<p><strong>FKK-Strand:<\/strong><br>westlich Abgang 2 (Altes Dorf) und<br>\u00f6stlich Abgang 14 (&#8222;Knirk&#8220;) bis Marina<br><strong>Friseur Lubminer Haarboutique<\/strong> , Wusterhusener Stra\u00dfe 17<br>Tel. 038354 22237<br><strong>Linda Kastner Friseure<\/strong>, Villenstrasse 6<br>Tel. 038354 179782<br><strong>&#8222;Min Horsnippelstuw&#8220; Y. M\u00e4hl<\/strong>, Wusterhusener Stra\u00dfe 24<br>Tel. 038354 33800<\/p>\n<p><strong>Fundb\u00fcro Gemeindeamt Lubmin<\/strong>, Geschwister-Scholl-Weg 15<br>Tel. 038354 3500<\/p>\n<p><strong>Gastronomische Einrichtungen Hotel<\/strong><\/p><strong>\n<\/strong><p><strong>&#8222;Seebr\u00fccke&#8220;<\/strong> , Waldstra\u00dfe 5a<br>Tel. 038354 3530<br>Restaurant &#8222;Blaumuschel&#8220;<strong>, Goetheweg 8a<\/strong><br>Tel. 038354 300<br><strong>Hotel &#8222;Am Park&#8220;<\/strong> , VillenstraBe 15<br>Tel. 038354 22272<br><strong>Restaurant &#8222;Zum Knirk&#8220;<\/strong>, Am Waldwinkel<br>Tel. 038354 22838<br><strong>SCHAWI Sport &amp; Freizeitzentrum<\/strong>, Freester Stra\u00dfe 22<br>Tel. 038354 34572<br><strong>Alte Wetterstation&#8220;<\/strong>, Hafenstrasse 10<br>Tel. 0178 4089049<br><strong>Pizzeria &#8222;Adria&#8220;<\/strong>, Villenstra\u00dfe 7 a<br>Tel. 038354 37024<br><strong>Cafe und Eisbar &#8222;Stacklies&#8220;,<\/strong> D\u00fcnenstrasse 2<br>Tel. 038354<br><strong>Imbiss &#8222;Boddenblick&#8220;<\/strong>, Philosophenweg 9a<br>Tel. 0172 3698988<br><strong>Imbiss &#8222;Zum Anker&#8220;,<\/strong> Lange Str. 22<br>Tel. 0152 29479738<br><strong>Asia &#8211; Bistro<\/strong>, Wusterhusener Str.17<br>Tel. 038354 34611<\/p>\n<p><strong>Hunde<br><\/strong><span style=\"font-size: revert; color: initial;\">Das Mitbringen von Hunden ist erlaubt. Im Interesse eines harmonischen Miteinnanders aller Urlauber m\u00f6chten wir die Hundebesitzer bitten, die Hundeverordnung des Seebades Lubmin zu beachten. Diese erhalten Sie auf Wunsch in der Kurverwaltung. Hundestrand siehe Strand.<\/span><\/p>\n<p><strong>Informationen Seebadzentrum Lubmin, Kurverwaltung,<\/strong> Freester Stra\u00dfe 8,<br>Tel. 038354 22011, Fax 038354 22014<br>www.Seebad-Lubmin.de. e-Mail: lubmin@t-online.de<br><strong>Internet Bibliothek Seebadzentrum<\/strong>, Freester Stra\u00dfe 8<br>Tel. 038354 22011<\/p>\n<p><strong>Lubminer Computerclub<\/strong>, Freester Stra\u00dfe 40<br><strong>Kino Cinestar<\/strong> Greifswald, Lange Stra\u00dfe 40-42<br>Tel. 03834 777912<br><strong>Club &#8211; Kino Zinnowitz<\/strong>, Neue Strandstra\u00dfe 20<br>Tel. 038377 42036<\/p>\n<p><em>Kirchen Petri-Kirche Lubmin<\/em>, Freester Stra\u00dfe 10<br>Tel. 038354 22234<br><strong>Johannes-Kirche Wusterhusen<\/strong>, Wolgaster Stra\u00dfe 12<br>Tel. 038354 37381<\/p>\n<p><strong>Kfz-Service Autoservice Heldt &amp; Partner<\/strong>, Wusterhusener Stra\u00dfe 24<br>Tel. 038354 31031<\/p>\n<p><strong>Krankenhaus Universit\u00e4tsklinikum Greifswald<\/strong>, Fr.-Loeffler-Stra\u00dfe 23b<br>Tel. 03834 86-0<br><strong>Kreiskrankenhaus Wolgast<\/strong>, Chausseestra\u00dfe 46<br>Tel. 03836 257-0<\/p>\n<p><strong>Kunst und Kultur Aktion<br><\/strong> &#8222;Kunst: Offen&#8220;, Vernissage zu Pfingsten &#8211; bietet allen G\u00e4sten die M\u00f6glichkeit, Kunst und Kunsthandwerk am Ort ihres Entstehens zu erleben, Regelm\u00e4\u00dfige Ausstellungen des Lubminer K\u00fcnstlerstammtisches und der K\u00fcnstlergilde im Seebadzentrum Lubmin, Freester Stra\u00dfe 8,<\/p>\n<p><strong>Heimvolkshochschule Lubmin e.V<\/strong>., Gartenweg 5,<br>Tel. (038354) 3 61 73 k\u00fcnstlerische und kreative Kurse (Keramikkurse, Zeichen- und Malkurse, Patchwork-Kurse ),<\/p>\n<p><strong>Kreativwerkstatt<\/strong>, D\u00fcnenstra\u00dfe 59, Tel. (038354) 3 17 00 &#8211; selbstst\u00e4ndiges Gestalten und Basteln f\u00fcr Kinder und Erwachsene.<br><strong>Kutschfahrten- und Kremserfahrten<\/strong> &#8222;Ostseekutsche&#8220;, Wusterhusener Stra\u00dfe 34<br>Tel. 038354 36493<br><strong>Fahrten mit dem Westernwagen<\/strong>, Kutschfahrten, Hochzeitskutsche, Urlaub mit dem Pferd: Unterstellm\u00f6glichkeiten f\u00fcr <strong>Gastpferde<\/strong> im Pferdestall mit hellen Pferdeboxen und auf einer Weide.<br><strong>Lagerfeuerpl\u00e4tze<\/strong> Lagerfeuer d\u00fcrfen nach vorheriger Genehmigung durch die Kurverwaltung nur in den daf\u00fcr vorgesehenen Feuerschalen am Strand betrieben werden.<br><strong>Museum Heimatstube<\/strong> Lubmin, Freester Stra\u00dfe 3<br>Tel. 038354 22390<br><strong>Heimatstube Freest<\/strong>, Dorfstra\u00dfe 67<br>Tel. 038370 20339<br><strong>Pommersches Landesmuseum Greifswald<\/strong>, Rakower StraBe 9<br>Tel. 03834 831210<br><strong>Deutsches Meeresmuseum Stralsund, <\/strong>Katharinenberg 14120<br>Tel. 03831 26500<br><strong>Museen der Stadt Wolgast<\/strong>, Rathausplatz 6<br>Tel. 03836 203041<\/p>\n<p><strong>Physiotherapie<\/strong><br>Praxis f\u00fcr Physiotherapie Frau C. Oefele, Waldstra\u00dfe 6a<br>Tel. 038354 34848<br>Praxis f\u00fcr Physiotherapie Herr J. Linde, Duenenstrasse 3<br>Tel. 038354 349999<\/p>\n<p><strong>Polizei<\/strong><br>Polizeistation, Freester Stra\u00dfe 40<br>Te. 038354 3510<\/p>\n<p><strong>Post<br>Postagentur,<\/strong> Wusterhusener Strasse 17<br>Te. 038354 34909<br><strong>Nordkurier<\/strong> Brief- &amp; Paketdienst, Villenstra\u00dfe 1<br>Te. 038354 31754<\/p>\n<p><strong>Radwandern<\/strong><br>Wir empfehlen den Ostseek\u00fcstenradweg (L\u00fcbeck &#8211; Ahlbeck).<\/p>\n<p><strong>Weitere Informationen<\/strong>:<br>Kurverwaltung, Freester Stra\u00dfe 8<br>Tel. 038354 22011<\/p>\n<p><strong>Saisonzeiten<\/strong><br><strong>Hauptsaison:<\/strong><br>01. Mai bis 30. September<br><strong>Nebensaison:<\/strong><br>01. Oktober bis 30. April<\/p>\n<p><strong>Schiff<\/strong><br>Nord-Ost-Reederei, Wolgast, Stra\u00dfe der Freundschaft 16 Apollo GmbH<br>Tel. 03836 203220<br><strong>Fahrgastreederei<\/strong>, Peenem\u00fcnde, Zum Hafen I<br>Tel. 038371 20829<br><strong>Adler-Schiffe<\/strong>, Seebad Heringsdorf, Seebr\u00fccke,<br>Tel. 038378 47790<br><strong>SBR-Stralsund<\/strong>, Stralsund, Grabenweg 2,<br>Tel. 03831 666385<br>Tel. 0163 8510786<\/p>\n<p><strong>Schwimmbad<br><\/strong>Freizeitbad Greifswald, Pappelallee 3-5<br>Tel. 03834 532711<br><strong>Erlebnisbad &#8222;Hanse-Dom&#8220;<\/strong> Stralsund, Gr\u00fcnhufer Bogen 18-20<br>Tel. 03831 3733-0<br><strong>Bernsteintherme Zinnowitz<\/strong>, D\u00fcnenstra\u00dfe<br>Tel. 038377 35500<\/p>\n<p><strong>Strand<\/strong><br>Ein f\u00fcnf Kilometer langer, breiter, feinsandiger, flach ins Meer abfallender Badestrand, teilweise bewacht, bietet ideale Voraussetzungen f\u00fcr einen Urlaub mit kleinen Kindern und Familie.<br>Rettungsschwimmer und technische Mitarbeiter der Kurverwaltung sind bestm\u00f6glich bem\u00fcht, alle Strandabschnitte in einem gepflegten und sauberen Zustand zu halten. Deshalb bitten wir alle G\u00e4ste die Strandordnung einzuhalten.<\/p>\n<p><strong>Strandeinteilung:<\/strong><br><strong>Bewachter Badestrand:<\/strong><br>300m beidseitig der Seebr\u00fccke,<br><strong>Abgang 3<\/strong> (Hafenstra\u00dfe) bis Abgang 12 (&#8222;Blaumuschel&#8220;)<\/p>\n<p><strong>Textilstrand<\/strong><br>zwischen Abgang 2 (Altes Dorf)<br>und Abgang 14 (&#8222;Knirk&#8220;)<\/p>\n<p><strong>FKK-Strand:<\/strong><br>westlich Abgang 2 (Altes Dorf) und<br>\u00f6stlich Abgang 14 (&#8222;Knirk&#8220;) bis Marina<br><strong>Hundestrand:<\/strong><br>westlich Abgang 1 (Heimvolkshochschule) und<br>\u00f6stlich Abgang 15 (Wolfsschlucht)<\/p>\n<p><strong>Strandkorbverleih<br><\/strong>Anbieter am Strand:<br>Fam. Rieser, D\u00fcnenstra\u00dfe 52<br>Tel. 038354 31561<br>Fam. Brauns, Goetheweg 5<br>Tel. 038354 36402<br>Fam. Roggow, Netzeplatz 7<br>Tel. 0175 6160187<br><strong>Streetball \u00d6ffentlicher Streetball-Platz am Diesterwegplatz<\/strong>,<br>B\u00e4lle k\u00f6nnen in der Kurverwaltung, Freester Str. 8 und im Sch\u00fclercafe ausgeliehen werden.<\/p>\n<p><strong>Tankstelle<br><\/strong>an der L 262 in Richtung Greifswald, Ortschaft Br\u00fcnzow<\/p>\n<p><strong>Taxi<\/strong> Taxi-Piel, 17509 Wusterhusen, Lubminer Stra\u00dfe 12a<br>Tel. 0171 4115587<\/p>\n<p><strong>Tennis<\/strong> <br>Ein gepflegter Sandplatz des Lubminer Tennisvereins, Spandowerhagener Weg 15, Vermietung durch die <br><strong><br>Kurverwaltung<\/strong>, Freester Stra\u00dfe 8<br>Tel. 038354 220 11<\/p>\n<p><strong>Veranstaltungen<br><\/strong>Es finden ganzj\u00e4hrig vielf\u00e4ltige Veranstaltungen, wie Konzerte, Ausstellungen, Lesungen, Strandfeste uvm. statt. Bitte beachten Sie dar\u00fcber hinaus die aktuellen Aush\u00e4nge und Ver\u00f6ffentlichungen, sowie unseren aktuellen Veranstaltungsplan auf \u00d6ffnet einen internen Link im aktuellen Fenster dieser Seite.<\/p>\n<p><strong>Volleyball <\/strong>W\u00e4hrend der Hauptsaison sind Spielfelder f\u00fcr Beach-Volleyball am Strand in der N\u00e4he der Seebr\u00fccke eingerichtet, auf denen auch Turniere laut Veranstaltungsplan stattfinden.<br><strong>Wandern\/Walking <\/strong>F\u00fcr Wanderfreunde gibt es gut gekennzeichnete Wanderrouten durch die herrliche Natur und Umgebung des Seebades. Die Kurverwaltung bietet gef\u00fchrte<br>Wanderungen an. Durch das Hotel &#8222;Seebr\u00fccke&#8220; werden Kurse im Walking und Nordic-Walking angeboten, bei denen Ihnen geschulte \u00dcbungsleiter und Trainer zur Verf\u00fcgung stehen.<br>Verschiedene beschilderte Strecken f\u00fcr unterschiedliche Anforderungen bieten optimale Bedingungen f\u00fcr alle Walking-Begeisterten. Einer der sportlichen H\u00f6hepunkte ist der j\u00e4hrlich im September stattfindende Walking-Day.<br><strong><br>Wassersport Surfpoint Lubmin<\/strong>, Eigenheimsiedlung 23<br>Tel. 038354 36163<br><strong>Kanuhof<\/strong> Spandowerhagen, DorfstraBe 46,<br>Tel. 038370 20665<br><strong>Kanustation Anklam<\/strong>, Anklam, WerftstraBe 6,<br>Tel. 03971 242839<br><strong>Windsurfing Freest,<\/strong> Freest, Am Hafen,<br>Tel. 0160 96224830<br><strong>Kite-&amp; Windsurfen<\/strong>, Surfcenter Loissin, Strandweg I,<br>Tel. 038352 66700<br><strong>Tauchkurse<\/strong> nach Vereinbarung im Rettungsturm an der Seebr\u00fccke<\/p>\n<p><strong>Wellness<br><\/strong> Wellness durch seine nat\u00fcrlichen Gegebenheiten bietet das Seebad ideale Voraussetzungen f\u00fcr wohltuende Wellness-Erlebnisse. Durch das Baden im schwach salzhaltigen Meereswasser, das allergenarme Seeklima, das Wandern in der waldreichen Umgebung und die vielen Sonnenstunden k\u00f6nnen Sie ausspannen und Ruhe finden.<br>Wellness und Beautyangebot: Frau Greiner, D\u00fcnenstraBe 45, 17509 Lubmin<\/p>\n<p><strong>Zimmervermittlung<\/strong><br>Die vom Gast veranlasste und vom Beherbergungsbetrieb vorgenommene Zimmerreservierung begr\u00fcndet zwischen beiden Parteien ein Vertragsverh\u00e4ltnis, den sogenannten Beherbergungsvertrag. Dieser ist von beiden Vertragspartnern einzuhalten.<br>Die <strong>private Zimmervermittlung<\/strong> des Seebades Lubmin ist bei der Zimmerreservierung behilflich. Sie haftet nicht f\u00fcr Handlungen oder Unterlassungen der Vertragsparteien. Treten M\u00e4ngel bez\u00fcglich der Unterkunft auf, so sind diese vom Gast direkt dem Vermieter mitzuteilen. Eventuelle Schadenersatzanspr\u00fcche sind zwischen Gast und Vermieter zu regeln.<\/p>\n\n\n<p><\/p>\n","protected":false},"excerpt":{"rendered":"<p>ApothekeBODDEN-Apotheke Lubmin, Waldstra\u00dfe 6aTel 038354 22053 AngelerlaubnisEine Angelerlaubnis erhalten Sie nach Vorlage eines gultigen Fischereischeines in der Kurverwaltung im Seebadzentrum, Freester StraBe 8.Falls nicht vorhanden, k\u00f6nnen Sie in der Kurverwaltung auch einen zeitlich befristeten Fischereischein erwerben.Anmeldung Wir bitten Sie, sich <a href=\"https:\/\/seebad-lubmin.com\/?page_id=494\" class=\"more-link\">Lies mehr &#8230;<\/a><\/p>\n","protected":false},"author":1,"featured_media":0,"parent":329,"menu_order":0,"comment_status":"closed","ping_status":"closed","template":"","meta":{"_monsterinsights_skip_tracking":false,"_monsterinsights_sitenote_active":false,"_monsterinsights_sitenote_note":"","_monsterinsights_sitenote_category":0,"footnotes":""},"class_list":["post-494","page","type-page","status-publish","hentry"],"_links":{"self":[{"href":"https:\/\/seebad-lubmin.com\/index.php?rest_route=\/wp\/v2\/pages\/494","targetHints":{"allow":["GET"]}}],"collection":[{"href":"https:\/\/seebad-lubmin.com\/index.php?rest_route=\/wp\/v2\/pages"}],"about":[{"href":"https:\/\/seebad-lubmin.com\/index.php?rest_route=\/wp\/v2\/types\/page"}],"author":[{"embeddable":true,"href":"https:\/\/seebad-lubmin.com\/index.php?rest_route=\/wp\/v2\/users\/1"}],"replies":[{"embeddable":true,"href":"https:\/\/seebad-lubmin.com\/index.php?rest_route=%2Fwp%2Fv2%2Fcomments&post=494"}],"version-history":[{"count":9,"href":"https:\/\/seebad-lubmin.com\/index.php?rest_route=\/wp\/v2\/pages\/494\/revisions"}],"predecessor-version":[{"id":563,"href":"https:\/\/seebad-lubmin.com\/index.php?rest_route=\/wp\/v2\/pages\/494\/revisions\/563"}],"up":[{"embeddable":true,"href":"https:\/\/seebad-lubmin.com\/index.php?rest_route=\/wp\/v2\/pages\/329"}],"wp:attachment":[{"href":"https:\/\/seebad-lubmin.com\/index.php?rest_route=%2Fwp%2Fv2%2Fmedia&parent=494"}],"curies":[{"name":"wp","href":"https:\/\/api.w.org\/{rel}","templated":true}]}}