{"id":404,"date":"2019-12-17T12:09:25","date_gmt":"2019-12-17T12:09:25","guid":{"rendered":"http:\/\/seebad-lubmin.com\/?page_id=404"},"modified":"2025-08-04T10:29:51","modified_gmt":"2025-08-04T10:29:51","slug":"radwanderweg-ueber-ca-36-kilometer","status":"publish","type":"page","link":"https:\/\/seebad-lubmin.com\/?page_id=404","title":{"rendered":"Radwanderweg \u00fcber ca. 36 Kilometer"},"content":{"rendered":"<p><strong>Radwanderweg \u00fcber ca. 36 Kilometer<\/strong><\/p>\n<p><strong><br \/><\/strong><strong>Lubmin &#8211; Wusterhusen &#8211; Neu Boltenhagen &#8211; Katzow &#8211; Gro\u00df Ernsthof &#8211; Kr\u00f6slin &#8211; Freest &#8211; Lubmin<\/strong><br \/>(Reine Fahrzeit ca. 3 Stunden)<br \/>Ausgangspunkt Ihrer Radwanderung ist die Kurverwaltung, das Haus des Gastes. Von hier aus fahren Sie geradeaus auf die Wusterhusener Stra\u00dfe zum Ortsausgang von Lubmln und \u00fcberqueren die gro\u00dfe Kreuzung. Nach dem Bahn\u00fcbergang befahren Sie einen Radweg und erreichen in ca. 2 Kilometern Wusterhusen.<\/p>\n<p>Der Radweg endet im Dorf, kurz darauf gabelt sich die Dorfstra\u00dfe und Sie biegen hier am Park nach rechts ab und fahren zum Ortsausgang von Wusterhusen auf dar Greifswalder Stra\u00dfe entlang. Dabei kommen Sie an der Diskothek &#8222;Genesis&#8216;, der Grundschule und einem Reitplatz vorbei. Am Ortsausgang m\u00fcndet die Greifswalder Stra\u00dfe auf eine Hauptstra\u00dfe, auf die Sie nach rechts einbiegen.<\/p>\n<p>Nach ca. 100 Metern fahren Sie bereits wieder nach links, in Richtung Gustebin. Bis zum Ortsausgang von Gustebin fahren Sie ca. 1,7 Kilometer auf einer schmalen und glatten Asphaltstra\u00dfe, die wenig vom Kraftfahrzeugverkehr befahren wird. In der Dorfmitte bietet Ihnen ein Spiel- und Rastplatz M\u00f6glichkeiten f\u00fcr Ihre erste Pause.<\/p>\n<p>Sie fahren nun weiter geradeaus und an der Stra\u00dfengabelung nach rechts, in Richtung Neu Boltenhagen. Nach ungef\u00e4hr 1 Kilometer \u00fcberqueren sie das kleine Fl\u00fc\u00dfchen Ziese. Bis zum Ortseingang von Neu Boltenhagen geht es immer weiter auf einer schmalen, glatten und wenig befahrenen Asphaltstra\u00dfe entlang.<\/p>\n<p>Nun fahren Sie geradeaus auf die abbiegende Hauptstra\u00dfe. Die Entfernung bis Katzow \u00fcber Bohlenhagen betr\u00e4gt ca. 5 Kilometer. Auf der H\u00e4lfte der Strecke gibt es einen Radweg, der Sie an der Hauptstra\u00dfe entlang f\u00fchrt. Den Rest der Strecke m\u00fcssen Sie auf einer vielbefahrenen Hauptstra\u00dfe zur\u00fccklegen.<\/p>\n<p>Im Ort Katzow fahren Sie ca. 500 Meter auf einer Kopfsteinpflasterstra\u00dfe, bis zum Wegweiser nach Netzeband. Wenn Sie den Skulpturenpark am Ende des Dorfes besuchen m\u00f6chten. fahren Sie geradeaus. Ebenso wenn Sie das Hotel \u201eAdebar&#8220; oder in die Gastst\u00e4tte &#8222;Zur gr\u00fcnen Linde&#8220; einkehren m\u00f6chten.<\/p>\n<p>Wollen Sie hingegen unseren Radwanderweg fortsetzen, m\u00fcssen Sie am Wegweiser In Richtung Netzeband abbiegen. Jetzt erwartet Sie wieder eine glatte, wenig befahrene Asphaltstra\u00dfe. Sie fahren In den Ort Netzeband und folgen hier einem kleinen Holzwegweiser nach Gra\u00df Ernsthof. Kopfsteinpflaster begleitet Sie \u00fcber eine Strecke von ca. 300 Metern.<\/p>\n<p>Ein weiterer Holzwegweiser zeigt Ihnen den Wag nach Gro\u00df Ernsthof. Sie folgen einem Plattenweg. der sp\u00e4ter in einen breiten Sandweg \u00fcbergeht. Ihr Weg f\u00fchrt Sie durch die Netzebander Heide. Sie \u00fcberqueren den M\u00fchlgraben, bevor Sie am Waldrand elnen weiteren Holzwegweiser nach Gro\u00df Ernsthof erreichen.<\/p>\n<p>Nun fahren Sie auf einem Waldweg. Im Wald begegnen Sie einem Wegweiser aus Stein, der Ihnen die Richtung zu einem Steinkreis weist, unser Radwanderweg f\u00fchrt Sie jedoch weiter geradeaus nach Gro\u00df Ernsthof. Hinter dem Wald fahren Sie noch einmal \u00fcber die Ziese. Jetzt f\u00fchrt Sie ein Plattenweg nach Gro\u00df Ernsthof. Dort \u00fcberqueren Sie die Hauptstra\u00dfe und biegen an der n\u00e4chsten Querstra\u00dfe nach links auf den Radweg nach Kr\u00f6slin.<\/p>\n<p>Ca. 4 Kilometer betragt die Entfernung, die Sie auf einem Radweg an der Hauptstra\u00dfe entlang zur\u00fccklegen. Auf halber Strecke finden Sie einen \u00fcberdachten Rastplatz.<br \/>Im Ort Kr\u00f6slin gibt es keinen Radweg. Sie durchfahren den Ort. in der Dorfmitte k\u00f6nnen Sie zur Marina Kr\u00f6slin rechts abfahren Ein entsprechendes Hinweisschild finden Sie an dar Hauswand der alten Feuerwehr.<\/p>\n<p>M\u00f6chten Sie ohne Pause weiterfahren, radeln Sie hier geradeaus. Am Ortsende beginnt der Radweg wieder, der Sie nach dem ca. 2 Kilometer entfernten Freest f\u00fchrt und dort ungef\u00e4hr bis zur Dorfmitte reicht.<br \/>Auch in Freest k\u00f6nnen Sie pausieren, den Fischereihafen, Gastst\u00e4tten, Fischr\u00e4uchereien, die Eisdiele und die Heimatstube besuchen.<\/p>\n<p>Am Ortsausgang von Freest beginnt erneut der Radweg, der erst ca. 2 Kilometer sp\u00e4ter in Spandowerhagen endet. Sie folgen dann der Landstra\u00dfe, auf der H\u00f6he des ehemaligen Kernkraftwerkes beginnt der n\u00e4chste Radweg. Dieser f\u00fchrt bis zur Pflaumenallee von Lubmin, die Sie ca. 5 Kilometer sp\u00e4ter erreichen. Damit sind Sie am Ende Ihres Radwanderweges angelangt.<\/p>\n<p><strong>\u00a0<\/strong><\/p>\n\n\n<figure class=\"wp-block-image size-full is-style-default\"><img loading=\"lazy\" decoding=\"async\" width=\"735\" height=\"519\" src=\"https:\/\/seebad-lubmin.com\/wp-content\/uploads\/2021\/12\/Fahrradroute_36akm.gif\" alt=\"Fahrradkarte Route 36 km\nRadwanderweg \u00fcber ca. 36 Kilometer,\nLubmin - Wusterhusen - Neu Boltenhagen - Katzow - Gro\u00df Ernsthof - Kr\u00f6slin - Freest - Lubmin\n(Reine Fahrzeit ca. 3 Stunden)\" class=\"wp-image-972\"\/><figcaption class=\"wp-element-caption\">Route 36 km<\/figcaption><\/figure>\n","protected":false},"excerpt":{"rendered":"<p>Radwanderweg \u00fcber ca. 36 Kilometer Lubmin &#8211; Wusterhusen &#8211; Neu Boltenhagen &#8211; Katzow &#8211; Gro\u00df Ernsthof &#8211; Kr\u00f6slin &#8211; Freest &#8211; Lubmin(Reine Fahrzeit ca. 3 Stunden)Ausgangspunkt Ihrer Radwanderung ist die Kurverwaltung, das Haus des Gastes. Von hier aus fahren Sie <a href=\"https:\/\/seebad-lubmin.com\/?page_id=404\" class=\"more-link\">Lies mehr &#8230;<\/a><\/p>\n","protected":false},"author":1,"featured_media":0,"parent":392,"menu_order":0,"comment_status":"closed","ping_status":"closed","template":"","meta":{"_monsterinsights_skip_tracking":false,"_monsterinsights_sitenote_active":false,"_monsterinsights_sitenote_note":"","_monsterinsights_sitenote_category":0,"footnotes":""},"class_list":["post-404","page","type-page","status-publish","hentry"],"_links":{"self":[{"href":"https:\/\/seebad-lubmin.com\/index.php?rest_route=\/wp\/v2\/pages\/404","targetHints":{"allow":["GET"]}}],"collection":[{"href":"https:\/\/seebad-lubmin.com\/index.php?rest_route=\/wp\/v2\/pages"}],"about":[{"href":"https:\/\/seebad-lubmin.com\/index.php?rest_route=\/wp\/v2\/types\/page"}],"author":[{"embeddable":true,"href":"https:\/\/seebad-lubmin.com\/index.php?rest_route=\/wp\/v2\/users\/1"}],"replies":[{"embeddable":true,"href":"https:\/\/seebad-lubmin.com\/index.php?rest_route=%2Fwp%2Fv2%2Fcomments&post=404"}],"version-history":[{"count":6,"href":"https:\/\/seebad-lubmin.com\/index.php?rest_route=\/wp\/v2\/pages\/404\/revisions"}],"predecessor-version":[{"id":1195,"href":"https:\/\/seebad-lubmin.com\/index.php?rest_route=\/wp\/v2\/pages\/404\/revisions\/1195"}],"up":[{"embeddable":true,"href":"https:\/\/seebad-lubmin.com\/index.php?rest_route=\/wp\/v2\/pages\/392"}],"wp:attachment":[{"href":"https:\/\/seebad-lubmin.com\/index.php?rest_route=%2Fwp%2Fv2%2Fmedia&parent=404"}],"curies":[{"name":"wp","href":"https:\/\/api.w.org\/{rel}","templated":true}]}}