{"id":325,"date":"2019-11-21T11:46:56","date_gmt":"2019-11-21T11:46:56","guid":{"rendered":"http:\/\/seebad-lubmin.com\/?page_id=325"},"modified":"2021-10-14T09:00:40","modified_gmt":"2021-10-14T09:00:40","slug":"ausfluege","status":"publish","type":"page","link":"https:\/\/seebad-lubmin.com\/?page_id=325","title":{"rendered":"Ausfl\u00fcge"},"content":{"rendered":"<blockquote class=\"wp-embedded-content\" data-secret=\"dqqCAas1wQ\"><p><a href=\"https:\/\/seebad-lubmin.com\/?page_id=241\">1. Lubmin und Umgebung<\/a><\/p><\/blockquote>\n<p><iframe loading=\"lazy\" class=\"wp-embedded-content\" sandbox=\"allow-scripts\" security=\"restricted\" style=\"position: absolute; clip: rect(1px, 1px, 1px, 1px);\" title=\"&#8222;1. Lubmin und Umgebung&#8220; &#8212; Reiseb\u00fcro DORINA HILLER\" src=\"https:\/\/seebad-lubmin.com\/?page_id=241&#038;embed=true#?secret=dqqCAas1wQ\" data-secret=\"dqqCAas1wQ\" width=\"600\" height=\"338\" frameborder=\"0\" marginwidth=\"0\" marginheight=\"0\" scrolling=\"no\"><\/iframe><\/p>\n\n\n<blockquote class=\"wp-embedded-content\" data-secret=\"fsVGZtgIIL\"><p><a href=\"https:\/\/seebad-lubmin.com\/?page_id=245\">2. Kunstspektakel<\/a><\/p><\/blockquote>\n<p><iframe loading=\"lazy\" class=\"wp-embedded-content\" sandbox=\"allow-scripts\" security=\"restricted\" style=\"position: absolute; clip: rect(1px, 1px, 1px, 1px);\" title=\"&#8222;2. Kunstspektakel&#8220; &#8212; Reiseb\u00fcro DORINA HILLER\" src=\"https:\/\/seebad-lubmin.com\/?page_id=245&#038;embed=true#?secret=fsVGZtgIIL\" data-secret=\"fsVGZtgIIL\" width=\"600\" height=\"338\" frameborder=\"0\" marginwidth=\"0\" marginheight=\"0\" scrolling=\"no\"><\/iframe><\/p>\n\n\n<blockquote class=\"wp-embedded-content\" data-secret=\"KRv1VjVdeA\"><p><a href=\"https:\/\/seebad-lubmin.com\/?page_id=292\">3. Kunst offen<\/a><\/p><\/blockquote>\n<p><iframe loading=\"lazy\" class=\"wp-embedded-content\" sandbox=\"allow-scripts\" security=\"restricted\" style=\"position: absolute; clip: rect(1px, 1px, 1px, 1px);\" title=\"&#8222;3. Kunst offen&#8220; &#8212; Reiseb\u00fcro DORINA HILLER\" src=\"https:\/\/seebad-lubmin.com\/?page_id=292&#038;embed=true#?secret=KRv1VjVdeA\" data-secret=\"KRv1VjVdeA\" width=\"600\" height=\"338\" frameborder=\"0\" marginwidth=\"0\" marginheight=\"0\" scrolling=\"no\"><\/iframe><\/p>\n\n\n<blockquote class=\"wp-embedded-content\" data-secret=\"9GYeXET1GL\"><p><a href=\"https:\/\/seebad-lubmin.com\/?page_id=296\">4. Aktivurlaub<\/a><\/p><\/blockquote>\n<p><iframe loading=\"lazy\" class=\"wp-embedded-content\" sandbox=\"allow-scripts\" security=\"restricted\" style=\"position: absolute; clip: rect(1px, 1px, 1px, 1px);\" title=\"&#8222;4. Aktivurlaub&#8220; &#8212; Reiseb\u00fcro DORINA HILLER\" src=\"https:\/\/seebad-lubmin.com\/?page_id=296&#038;embed=true#?secret=9GYeXET1GL\" data-secret=\"9GYeXET1GL\" width=\"600\" height=\"338\" frameborder=\"0\" marginwidth=\"0\" marginheight=\"0\" scrolling=\"no\"><\/iframe><\/p>\n\n\n<blockquote class=\"wp-embedded-content\" data-secret=\"5Hq5Qg1LkV\"><p><a href=\"https:\/\/seebad-lubmin.com\/?page_id=322\">5. Aktivit\u00e4ten f\u00fcr Kinder<\/a><\/p><\/blockquote>\n<p><iframe loading=\"lazy\" class=\"wp-embedded-content\" sandbox=\"allow-scripts\" security=\"restricted\" style=\"position: absolute; clip: rect(1px, 1px, 1px, 1px);\" title=\"&#8222;5. Aktivit\u00e4ten f\u00fcr Kinder&#8220; &#8212; Reiseb\u00fcro DORINA HILLER\" src=\"https:\/\/seebad-lubmin.com\/?page_id=322&#038;embed=true#?secret=5Hq5Qg1LkV\" data-secret=\"5Hq5Qg1LkV\" width=\"600\" height=\"338\" frameborder=\"0\" marginwidth=\"0\" marginheight=\"0\" scrolling=\"no\"><\/iframe><\/p>\n\n\n<blockquote class=\"wp-embedded-content\" data-secret=\"3JfLntEwmO\"><p><a href=\"https:\/\/seebad-lubmin.com\/?page_id=392\">6.0  Fahrradrouten<\/a><\/p><\/blockquote>\n<p><iframe loading=\"lazy\" class=\"wp-embedded-content\" sandbox=\"allow-scripts\" security=\"restricted\" style=\"position: absolute; clip: rect(1px, 1px, 1px, 1px);\" title=\"&#8222;6.0  Fahrradrouten&#8220; &#8212; Reiseb\u00fcro DORINA HILLER\" src=\"https:\/\/seebad-lubmin.com\/?page_id=392&#038;embed=true#?secret=3JfLntEwmO\" data-secret=\"3JfLntEwmO\" width=\"600\" height=\"338\" frameborder=\"0\" marginwidth=\"0\" marginheight=\"0\" scrolling=\"no\"><\/iframe><\/p>\n\n\n\n<p><\/p>\n","protected":false},"excerpt":{"rendered":"","protected":false},"author":1,"featured_media":0,"parent":197,"menu_order":0,"comment_status":"closed","ping_status":"closed","template":"","meta":{"_monsterinsights_skip_tracking":false,"_monsterinsights_sitenote_active":false,"_monsterinsights_sitenote_note":"","_monsterinsights_sitenote_category":0,"footnotes":""},"class_list":["post-325","page","type-page","status-publish","hentry"],"_links":{"self":[{"href":"https:\/\/seebad-lubmin.com\/index.php?rest_route=\/wp\/v2\/pages\/325","targetHints":{"allow":["GET"]}}],"collection":[{"href":"https:\/\/seebad-lubmin.com\/index.php?rest_route=\/wp\/v2\/pages"}],"about":[{"href":"https:\/\/seebad-lubmin.com\/index.php?rest_route=\/wp\/v2\/types\/page"}],"author":[{"embeddable":true,"href":"https:\/\/seebad-lubmin.com\/index.php?rest_route=\/wp\/v2\/users\/1"}],"replies":[{"embeddable":true,"href":"https:\/\/seebad-lubmin.com\/index.php?rest_route=%2Fwp%2Fv2%2Fcomments&post=325"}],"version-history":[{"count":9,"href":"https:\/\/seebad-lubmin.com\/index.php?rest_route=\/wp\/v2\/pages\/325\/revisions"}],"predecessor-version":[{"id":897,"href":"https:\/\/seebad-lubmin.com\/index.php?rest_route=\/wp\/v2\/pages\/325\/revisions\/897"}],"up":[{"embeddable":true,"href":"https:\/\/seebad-lubmin.com\/index.php?rest_route=\/wp\/v2\/pages\/197"}],"wp:attachment":[{"href":"https:\/\/seebad-lubmin.com\/index.php?rest_route=%2Fwp%2Fv2%2Fmedia&parent=325"}],"curies":[{"name":"wp","href":"https:\/\/api.w.org\/{rel}","templated":true}]}}