{"id":322,"date":"2019-11-21T13:04:13","date_gmt":"2019-11-21T13:04:13","guid":{"rendered":"http:\/\/seebad-lubmin.com\/?page_id=322"},"modified":"2019-12-17T11:28:42","modified_gmt":"2019-12-17T11:28:42","slug":"5-aktivitaeten-fuer-kinder","status":"publish","type":"page","link":"https:\/\/seebad-lubmin.com\/?page_id=322","title":{"rendered":"5. Aktivit\u00e4ten f\u00fcr Kinder"},"content":{"rendered":"\n<p><strong>5.0  Minigolfanlage Lubmin<\/strong><\/p>\n\n\n\n<p>Seit 2011 kann man in der Pflaumenallee 1 in Lubmin auf einer 18 Loch Anlage Minigolf spielen.   <br>Eintrittspreise pro Runde Erwachsene        3,00 Euro Kinder                2,00 Euro   <br>\u00d6ffnungszeiten:  <br>Mai-Juni &amp; September-Oktober  Mo.-Fr. von 14-18 Uhr, Samstag &amp; Sonntag von 11-18 Uhr <br>Juli-August Mo.-So. von 10-20 Uhr<br> Tel.: 038354\/22946 <\/p>\n\n\n\n<p><strong>5.1 Greifwald Freizeitbad<\/strong><br>Wasserfr\u00f6schen kann das Freizeitbad Greifswald an k\u00fchlen Tagen Ersatz  bieten. Hier finden Sie ein 25- Meter Schwimmbecken, eine 40 Meter lange Rutsche  mit Landebecken, ein Variobecken mit behindertengerechten Ausstattung und  Hubboden f\u00fcr unterschiedliche Wassertiefen, ein Spa\u00dfbecken mit Whirlpool und  Grotte und ein durch ein Schwimmkanal erreichbares Au\u00dfenbecken. Im Fitnesbereich  gibt es eine Freestyle- Kletterwand, Aerobic- Angebote und verschiedene  Fitnessger\u00e4te. Eine Sauna ist ebenfalls  vorhanden.<\/p>\n\n\n\n<p>\u00d6ffnungszeiten:&nbsp; t\u00e4glich von 10-21  Uhr&nbsp;&nbsp; (Sonn-u. Feiertags bis 18 Uhr; Mo ab 14 Uhr)<br>Tel.:  03834\/532711<\/p>\n\n\n\n<p><strong>5.2          Stralsund \u2013 Hanse Dom<\/strong><br><\/p>\n\n\n\n<p>Im Hanse Dom, der in Europa einzigartigen Einrichtung f\u00fcr Erholung und Entspannung, Wellness und Beauty, Badefreuden und Wohlf\u00fchlspa\u00df, Sport und Gesundheit in der Hansestadt Stralsund, ist jeder Besucher unabh\u00e4ngig von Wetterkapriolen und Jahreszeiten in seinem Element. Die vielf\u00e4ltigen Erlebniswelten: \u201eSeestern-Therme\u201c mit Wellenbecken; Abenteuerrutschen, Wildwasserkanal und Au\u00dfentherme; &#8211; Kinderanimation, Freiluft \u201eSeestern-Park\u201c mit Beach-Areal und Kinderspielpl\u00e4tzen; Sportschwimmbad mit Sprungbecken; orientalische Saunawelt mit 10 verschiedenen Saunen, Dampf- und Aromab\u00e4dern; Kosmetikstudio sowie der Sport- und Fitnessbereich bieten auf ca. 120000 qm ideale Bedingungen zur aktiven Bet\u00e4tigung oder zum Relaxen.<\/p>\n\n\n\n<p><strong>5.3  Zinnowitz- Bernsteinherme<\/strong><\/p>\n\n\n\n<p>Gro\u00dfz\u00fcgig und farbenfroh zeigt sich eine Bade- und Saunalandschaft, ganz an  der Natur orientiert, die die Faszination des Bernsteins widerspiegelt.  Meerwasserbad, Therme, Strandsauna und Kegel- sowie Kugelbar stehen Ihnen zur  Verf\u00fcgung- g\u00fcnstig als Kombiticket mit Eintritt und Anfahrt mit der  UBB.<br>Diese Kombitickets erhalten Sie im Reiseb\u00fcro Dorina Hiller unter Tel.:&nbsp;  038354\/31754<\/p>\n\n\n\n<p><strong>5.4   Trassenheide &#8211;  Kinderland Usedom Park<\/strong><\/p>\n\n\n\n<p>Die Insel hat noch mehr f\u00fcr gro\u00dfe und kleine Kinder zu bieten. Zum Beispiel  den absolut familienfreundlichen Usedom Park in Trassenheide. Also sollte in den  Ferien nicht gerade Strandwetter sein, dann nichts wie rein in die Usedomer  B\u00e4derbahn (UBB) und ab nach Trassenheide in den Usedom Park. Viel Raum zum Toben  und Spielen finden die Kinder im Kinderland, w\u00e4hrend die Eltern sich hier ganz  entspannt eine Tasse Kaffee g\u00f6nnen und die Sonne genie\u00dfen. Auf dem eingez\u00e4unten  Gel\u00e4nde warten verschiedene Attraktionen auf die Kinder und es f\u00e4llt schwer zu  entscheiden, wo es zuerst hingehen soll.<br><strong>\u00d6ffnungszeiten: <\/strong><\/p>\n\n\n\n<p>April \u2013 Oktober t\u00e4gl.10-19 Uhr; Sonn-u. feiertags sowie in den Ferien 10-19 \nUhr<br>Tel.:0175\/4186077<\/p>\n\n\n\n<p><strong>5.5  Pudagla \u2013 Kletterpark<\/strong><\/p>\n\n\n\n<p>Mal wie Tarzan von Baum zu Baum schwingen; wie Indiana Jones \u00fcber&nbsp; wackelige \nBr\u00fccken steigen und an Seilen Hindernisse \u00fcberqueren! Die Erkundung vom \nWaldkabinett, mit seiner Baum-, Pflanzen- und Tierwelt, erm\u00f6glicht die \neinzigartige Verbindung von Bildung, gepaart mit Spa\u00df im Kletterwald, f\u00fcr Jung \nund Alt. Auch Behinderten wird das Klettern erm\u00f6glicht.<\/p>\n\n\n\n<p>\u00d6ffnungszeiten: M\u00e4rz- Mitte Juni 10-18 Uhr&nbsp; Mitte Juni \u2013 Mitte Sept. 9.30-20 \nUhr<br>Tel.: 038375\/22677<\/p>\n\n\n\n<p><\/p>\n\n\n\n<p><strong>5.7 Insel- Rodelbahn Bergen (R\u00fcgen)<\/strong><\/p>\n\n\n\n<p>Die Sommer-&amp; Winter- Inselrodelbahn in Bergen auf R\u00fcgen ist Deutschlands \nn\u00f6rdlichste Rodelbahn, eingebettet in die Naturlandschaft des Rugards, liegt sie \nauf dem Steilhang einer von Buchen ums\u00e4umten nat\u00fcrlichen Waldwiese am Stadtrand \nvon Bergen. Mit einer L\u00e4nge von \u00fcber 700 Metern und einem H\u00f6henunterschied von \n27 Metern kommt man hier gut in Schuss, um Aktion, Fun und Speed ins Tal zu \nrauschen. Wenn man zu \u201eSt\u00f6rtebecker\u201c f\u00e4hrt, lohnt sich auf jeden Fall ein \nAbstecher.<\/p>\n\n\n\n<p>\u00d6ffnungszeiten:&nbsp;&nbsp; <\/p>\n\n\n\n<p>Jan &#8211; M\u00e4rz&nbsp;&nbsp;&nbsp;&nbsp;      13 Uhr bis zum Eintritt der Dunkelheit<br>Apr. \u2013 Mai&nbsp;&nbsp;&nbsp;      10-16  Uhr<br>Juni \u2013 August&nbsp;&nbsp; 10-19 Uhr<br>Sept. \u2013 Okt.&nbsp;&nbsp;     10-18 Uhr<br>Nov. \u2013 Dez&nbsp;&nbsp;&nbsp;&nbsp;    13 Uhr bis zum Eintritt der Dunkelheit<\/p>\n\n\n\n<p><strong>5.8  Gingst ( R\u00fcgen)  R\u00fcgenpark<\/strong> <\/p>\n\n\n\n<p>Im R\u00fcgenpark entdecken Kinder und Eltern zahlreiche Bauwerke aus aller Welt. \nMit der Parkeisenbahn \u201eEmma\u201c geht es quer durch den Park. Neben der Nachbildung \nder Insel R\u00fcgen bewundern die Besucher ca. 90 Bauwerke&nbsp; im Kleinformat. W\u00e4hrend \nder Rundreise erz\u00e4hlt \u201eEmma\u201c N\u00e4heres \u00fcber die einzelnen Modelle; z.B. Die \nTitanic, das Brandenburger Tor. W\u00e4hrend ihrer Weltreise sto\u00dfen Eltern und Kinder \nauf einen Streichelzoo. 15 weitere Attraktionen sorgen im R\u00fcgenpark f\u00fcr \nAbwechslung. Die Kinder sausen die Riesenrutsche hinab, wagen einen Ritt auf der \nPferdereitbahn, erleben eine spritzige Fahrt im Wasserrondell oder genie\u00dfen von \nder Seilbahnaus die Aussicht \u00fcber den R\u00fcgenpark.<\/p>\n\n\n\n<p>\u00d6ffnungszeiten:&nbsp; <\/p>\n\n\n\n<p>20.03. &#8211; 30.06.&nbsp;  Di-So&nbsp; 10-18 Uhr<br>01.07. \u2013 31.08.&nbsp; Di-So&nbsp; 10-19  Uhr<br>01.09. \u2013 02.11&nbsp;&nbsp; Di-So&nbsp; 10-17 Uhr<\/p>\n\n\n\n<p>Tel.:&nbsp; 038305\/55055<\/p>\n\n\n\n<p><\/p>\n\n\n\n<p><strong>5.9  Tierpark Wolgast unsere vielf\u00e4ltigen Tierarten<br><\/strong><br>Der Tierpark l\u00e4dt Sie zu einem Spaziergang ein, bei dem Sie unsere  vielf\u00e4ltigen Tierarten betrachten und sich in unserem Park erholen k\u00f6nnen. Auf  einer Fl\u00e4che von 10 ha k\u00f6nnen Sie 400 Tiere in 52 Arten kennenlernen. Durch den  unerm\u00fcdlichen Einsatz der Wolgaster B\u00fcrger entstand 1960 diese Anlage aus einem  nat\u00fcrlichen Waldst\u00fcck. Es wird Weiterhin viel getan, um den Tierpark in den  n\u00e4chsten Jahren noch anziehender und sch\u00f6ner zu gestalten.<\/p>\n\n\n\n<p>\u00d6ffnungszeiten: 1. Mai -30. September 9-18 Uhr,\u00a0 1. Oktober \u2013 30. April 6-16  Uhr<br>Tel.: 03836\/203713<\/p>\n\n\n\n<p><strong>5.10   Greifswald     Tierpark Greifswald<\/strong><\/p>\n\n\n\n<p>Das 3,6 ha gro\u00dfe Gel\u00e4nde vom Tierpark Greifswald erstreckt sich rund um den \nSchwanensee. Hier beobachten Eltern und Kinder verschiedene Vogelarten, Schafe, \nAlpaka, Stachelschweine, Erdm\u00e4nnchen, Kormorane, und Wildkatzen, aber auch \nWaschb\u00e4ren, W\u00f6lfe, Dingos und mehrere Reptilien und Amphibienarten. Beim \nRundgang durch den Tierpark entdecken Eltern und Kinder zahlreiche Elemente zur \nEntfaltung der Sinne. Anschlie\u00dfend toben sich die Kinder auf dem \nErlebnisspielplatz aus.<\/p>\n\n\n\n<p><strong>\u00d6ffnungszeiten:\u00a0<\/strong> <\/p>\n\n\n\n<p>Nov. \u2013 M\u00e4rz\u00a0\u00a0 9-16 Uhr<br>Apr. \u2013 Okt.\u00a0\u00a0\u00a0\u00a0 9-17 Uhr<br>Mai \u2013 Sept.\u00a0\u00a0\u00a0 9-18  Uhr<br>Tel.:\u00a0 03834\/ 502279<br><\/p>\n\n\n\n<p><strong>5.11 <\/strong><b>Indoor- Spielplatz &#8222;Kunti-bunt&#8220; m Greifswald<\/b><\/p>\n\n\n\n<p><strong>Attraktionen  und Einrichtungen\u00a0sprechen f\u00fcr  sich:<\/strong><\/p>\n\n\n\n<p>&#8211; MEGA-Kletterger\u00fcst mit \nSoft-Ballschussanlage<\/p>\n\n\n\n<p>&#8211; Riesen-Wabbelberg<\/p>\n\n\n\n<p>&#8211; Trampoline<\/p>\n\n\n\n<p>&#8211; KART-Bahn<\/p>\n\n\n\n<p>&#8211; Kinder-Lern-und Spielcomputer<\/p>\n\n\n\n<p>&#8211; Kletter-Leuchtturm<\/p>\n\n\n\n<p>&#8211; Riesen-Wabbelrutsche<\/p>\n\n\n\n<p>&#8211; Airkokey-Tische<\/p>\n\n\n\n<p>&#8211; Billard<\/p>\n\n\n\n<p>&#8211; Tisch-Kicker<\/p>\n\n\n\n<p>&#8211; Videospiel-Stationen<\/p>\n\n\n\n<p>&#8211; Europa\u00b4s \ngr\u00f6sste&nbsp;H\u00fcpfburgen-Landschaft<\/p>\n\n\n\n<p>&#8211; Tischtennis<\/p>\n\n\n\n<p>&#8211; grosser Kleinkind-Bereich<\/p>\n\n\n\n<p>&#8211; Wickelbereich<\/p>\n\n\n\n<p>&#8211; gem\u00fctliche Atmosph\u00e4re<\/p>\n\n\n\n<p>&#8211;&nbsp;und&nbsp;vieles mehr<\/p>\n\n\n\n<p>&#8211; die Erwachsenen k\u00f6nnen bei uns sehr gerne mittoben<\/p>\n\n\n\n<p>F\u00fcr den Snack zwischendurch sowie f\u00fcr verschiedene \nKaffee-spezialit\u00e4ten und Kuchen ist gesorgt.<\/p>\n\n\n\n<p><strong>Sie k\u00f6nnen\u00a0ihre  Kinder<\/strong> <strong>(ab dem 6.  Lebensjahr)<\/strong>, <strong>gegen Unterschrift  einer Erlaubnis<\/strong> (muss vor Ort unterschrieben  werden) <strong>auch<\/strong>  <strong>alleine bei uns lassen<\/strong>.<\/p>\n\n\n\n<p>\u00d6ffnungszeiten:<\/p>\n\n\n\n<p>Montag bis  Freitag:\u00a0\u00a0\u00a0\u00a0\u00a0\u00a0\u00a0\u00a0\u00a0\u00a0\u00a0\u00a0\u00a0\u00a0\u00a0\u00a0\u00a0\u00a0\u00a0\u00a0 \u00a014.00 Uhr bis 19.00 Uhr<\/p>\n\n\n\n<p>Samstag:&nbsp;&nbsp;&nbsp;&nbsp;&nbsp;&nbsp;&nbsp;&nbsp;&nbsp;&nbsp;&nbsp;&nbsp;&nbsp;&nbsp;&nbsp;&nbsp;&nbsp;&nbsp;&nbsp;&nbsp;&nbsp;&nbsp;&nbsp;&nbsp;&nbsp;&nbsp;&nbsp;&nbsp;&nbsp;&nbsp;&nbsp;&nbsp;&nbsp;&nbsp;&nbsp;&nbsp;&nbsp;&nbsp;&nbsp;&nbsp; \n10.00 Uhr bis 20.00 Uhr<\/p>\n\n\n\n<p>Sonntag:&nbsp;&nbsp;&nbsp;&nbsp;&nbsp;&nbsp;&nbsp;&nbsp;&nbsp;&nbsp;&nbsp;&nbsp;&nbsp;&nbsp;&nbsp;&nbsp;&nbsp;&nbsp;&nbsp;&nbsp;&nbsp;&nbsp;&nbsp;&nbsp;&nbsp;&nbsp;&nbsp;&nbsp;&nbsp;&nbsp;&nbsp;&nbsp;&nbsp;&nbsp;&nbsp;&nbsp;&nbsp;&nbsp;&nbsp;&nbsp;&nbsp;&nbsp;10.00 Uhr bis \n19.00 Uhr<\/p>\n\n\n\n<p>Tel.: 03834\/ 8309865&nbsp;<\/p>\n\n\n\n<p><strong>Feiertage und \nSchul-Ferien in M-V und &#8222;Br\u00fcckentage&#8220;:&nbsp;&nbsp;&nbsp;<\/strong><\/p>\n\n\n\n<p><strong>immer t\u00e4glich ab&nbsp; 10.00 Uhr&nbsp; \nge\u00f6ffnet<\/strong>&nbsp;<\/p>\n\n\n\n<p><br><br><\/p>\n\n\n\n<p><\/p>\n","protected":false},"excerpt":{"rendered":"<p>5.0 Minigolfanlage Lubmin Seit 2011 kann man in der Pflaumenallee 1 in Lubmin auf einer 18 Loch Anlage Minigolf spielen. Eintrittspreise pro Runde Erwachsene 3,00 Euro Kinder 2,00 Euro \u00d6ffnungszeiten: Mai-Juni &amp; September-Oktober Mo.-Fr. von 14-18 Uhr, Samstag &amp; Sonntag <a href=\"https:\/\/seebad-lubmin.com\/?page_id=322\" class=\"more-link\">Lies mehr &#8230;<\/a><\/p>\n","protected":false},"author":1,"featured_media":0,"parent":325,"menu_order":0,"comment_status":"closed","ping_status":"closed","template":"","meta":{"_monsterinsights_skip_tracking":false,"_monsterinsights_sitenote_active":false,"_monsterinsights_sitenote_note":"","_monsterinsights_sitenote_category":0,"footnotes":""},"class_list":["post-322","page","type-page","status-publish","hentry"],"_links":{"self":[{"href":"https:\/\/seebad-lubmin.com\/index.php?rest_route=\/wp\/v2\/pages\/322","targetHints":{"allow":["GET"]}}],"collection":[{"href":"https:\/\/seebad-lubmin.com\/index.php?rest_route=\/wp\/v2\/pages"}],"about":[{"href":"https:\/\/seebad-lubmin.com\/index.php?rest_route=\/wp\/v2\/types\/page"}],"author":[{"embeddable":true,"href":"https:\/\/seebad-lubmin.com\/index.php?rest_route=\/wp\/v2\/users\/1"}],"replies":[{"embeddable":true,"href":"https:\/\/seebad-lubmin.com\/index.php?rest_route=%2Fwp%2Fv2%2Fcomments&post=322"}],"version-history":[{"count":20,"href":"https:\/\/seebad-lubmin.com\/index.php?rest_route=\/wp\/v2\/pages\/322\/revisions"}],"predecessor-version":[{"id":391,"href":"https:\/\/seebad-lubmin.com\/index.php?rest_route=\/wp\/v2\/pages\/322\/revisions\/391"}],"up":[{"embeddable":true,"href":"https:\/\/seebad-lubmin.com\/index.php?rest_route=\/wp\/v2\/pages\/325"}],"wp:attachment":[{"href":"https:\/\/seebad-lubmin.com\/index.php?rest_route=%2Fwp%2Fv2%2Fmedia&parent=322"}],"curies":[{"name":"wp","href":"https:\/\/api.w.org\/{rel}","templated":true}]}}